{"id":82,"date":"2017-06-21T22:02:19","date_gmt":"2017-06-21T20:02:19","guid":{"rendered":"http:\/\/www.hornamicina.eu\/web\/?page_id=82"},"modified":"2017-06-28T07:45:04","modified_gmt":"2017-06-28T05:45:04","slug":"geografia","status":"publish","type":"page","link":"https:\/\/www.hornamicina.eu\/web\/geografia\/","title":{"rendered":"Geografia"},"content":{"rendered":"<h3>Horn\u00e1 Mi\u010din\u00e1<\/h3>\n<p>Chot\u00e1r obce m\u00e1 rozlohu 1571 ha. Hrani\u010d\u00ed s Banskou Bystricou, M\u00f4l\u010dou, Oravcami, Dolnou Mi\u010dinou a Vlkanovou.<\/p>\n<p><iframe loading=\"lazy\" src=\"https:\/\/maps.google.com\/maps?q=Horn%C3%A1+Mi%C4%8Din%C3%A1%2C+Slovakia&amp;t=m&amp;z=11&amp;output=embed&amp;iwloc=near\" width=\"300\" height=\"150\" frameborder=\"0\" marginwidth=\"0\" marginheight=\"0\" scrolling=\"no\"><\/iframe><\/p>\n<p>Obec Horn\u00e1 Mi\u010din\u00e1 le\u017e\u00ed v z\u00e1padnej \u010dasti Slovensk\u00e9ho Rudohoria \u2013 vo Zvolenskej kotline \u2013 v doline Mi\u010dinsk\u00e9ho potoka, ktor\u00fd je \u013eav\u00fdm pr\u00edtokom rieky Hron. Nadmorsk\u00e1 v\u00fd\u0161ka obce je 432 m.<\/p>\n<p>Okolie ktor\u00e9 m\u00e1 pahorkatinov\u00fd a\u017e vrchovinov\u00fd r\u00e1z patr\u00ed k Bystrickej vrchovine, ktor\u00e1 tvor\u00ed najvy\u0161\u0161iu \u010das\u0165 Zvolenskej kotliny. Bystrick\u00e1 vrchovina vrchol\u00ed Kozlincom (704 m), \u010falej s\u00fa v\u00fdrazn\u00fdmi kopcami Hroch\u00f4\u0165ka (557 m) Ostr\u00fd vrch (574 m), Roh\u00e1\u010dovec (538 m) a Diel (571 m).<\/p>\n<p>Geologick\u00e9 podlo\u017eie \u00fazemia tvoria bridlice, dolomity, andezity a \u0161trky. Na tomto podklade sa vyvinul stredne rezany reli\u00e9f s v\u00fd\u0161kov\u00fdm rozdielom 300 \u2013 180 m.<\/p>\n<p>Okolie obce je preva\u017ene zalesnen\u00e9. Prevl\u00e1daj\u00fa bukov\u00e9 lesy s v\u00fdskytom osiky, jedle a javora. Na \u00fap\u00e4t\u00ed kopca Kozlinec sa nach\u00e1dza chr\u00e1nen\u00e9 n\u00e1lezisko duba plstnat\u00e9ho (Quercus pubescens) . Chr\u00e1nen\u00e9 \u00fazemie m\u00e1 rozlohu 25,62 ha a bolo zap\u00edsan\u00e9 medzi chr\u00e1nen\u00e9 oblasti v roku 1967.<\/p>\n<p>\u00dazemie Hornej Mi\u010dinej patr\u00ed k mierne teplej horskej kl\u00edme, kde priemern\u00e1 janu\u00e1rov\u00e1 dosahuje limity -6 \u00b0C a\u017e -3,5 \u00b0C a j\u00falov\u00e1 teplota sa pohybuje medzi 15 \u00b0C a\u017e 17 \u00b0C.<\/p>\n","protected":false},"excerpt":{"rendered":"Horn\u00e1 Mi\u010din\u00e1 Chot\u00e1r obce m\u00e1 rozlohu 1571 ha. Hrani\u010d\u00ed s Banskou Bystricou, M\u00f4l\u010dou, [&hellip;]","protected":false},"author":1,"featured_media":0,"parent":0,"menu_order":0,"comment_status":"closed","ping_status":"closed","template":"","meta":{"advanced_seo_description":"","jetpack_seo_html_title":"","jetpack_seo_noindex":false,"footnotes":""},"class_list":["post-82","page","type-page","status-publish","hentry"],"jetpack_sharing_enabled":true,"jetpack_shortlink":"https:\/\/wp.me\/P8RsFw-1k","jetpack-related-posts":[{"id":3847,"url":"https:\/\/www.hornamicina.eu\/web\/730-vyrocie-obce-horna-micina\/","url_meta":{"origin":82,"position":0},"title":"730. v\u00fdro\u010die obce Horn\u00e1 Mi\u010din\u00e1","author":"admin","date":"18. augusta 2023","format":false,"excerpt":"Horn\u00e1 Mi\u010din\u00e1 v minulosti a s\u00fa\u010dasnosti k 730. v\u00fdro\u010diu prvej p\u00edsomnej zmienky N\u00e1zvy:\u00a0Terra Mike, Terra comitis Mike, Lehatha, Mikelyhota, Mikefalva, Micafalw, Miczinaves, Mitchina. \u00a0 Pr\u00edrodn\u00e9 pomery Obec Horn\u00e1 Mi\u010din\u00e1 je situovan\u00e1 6 km na juh od okresn\u00e9ho mesta Bansk\u00e1 Bystrica. Nach\u00e1dza sa v\u00a0z\u00e1padnej \u010dasti Slovensk\u00e9ho Rudohoria vo Zvolenskej kotline, v\u00a0doline\u2026","rel":"","context":"Podobn\u00fd pr\u00edspevok","block_context":{"text":"Podobn\u00fd pr\u00edspevok","link":""},"img":{"alt_text":"","src":"https:\/\/i0.wp.com\/www.hornamicina.eu\/web\/wp-content\/uploads\/2023\/08\/Horna-Micina-pred-sto-rokmi-min-e1692372759477.jpg?fit=791%2C412&ssl=1&resize=350%2C200","width":350,"height":200,"srcset":"https:\/\/i0.wp.com\/www.hornamicina.eu\/web\/wp-content\/uploads\/2023\/08\/Horna-Micina-pred-sto-rokmi-min-e1692372759477.jpg?fit=791%2C412&ssl=1&resize=350%2C200 1x, https:\/\/i0.wp.com\/www.hornamicina.eu\/web\/wp-content\/uploads\/2023\/08\/Horna-Micina-pred-sto-rokmi-min-e1692372759477.jpg?fit=791%2C412&ssl=1&resize=525%2C300 1.5x, https:\/\/i0.wp.com\/www.hornamicina.eu\/web\/wp-content\/uploads\/2023\/08\/Horna-Micina-pred-sto-rokmi-min-e1692372759477.jpg?fit=791%2C412&ssl=1&resize=700%2C400 2x"},"classes":[]},{"id":61,"url":"https:\/\/www.hornamicina.eu\/web\/historia-obce\/","url_meta":{"origin":82,"position":1},"title":"Hist\u00f3ria obce","author":"admin","date":"21. j\u00fana 2017","format":false,"excerpt":"Obec Horn\u00e1 Mi\u010din\u00e1 le\u017e\u00ed v z\u00e1padnej \u010dasti Slovensk\u00e9ho Rudohoria. M\u00e1 pahorkatinov\u00fd a\u017e vrchovinov\u00fd r\u00e1z, patr\u00ed k Bystrickej vrchovine, ktor\u00e1 tvor\u00ed najv\u00e4\u010d\u0161iu \u010das\u0165 Zvolenskej kotliny. Na kopci Kozlinec sa nach\u00e1dza chr\u00e1nen\u00e9 n\u00e1lezisko duba plstnat\u00e9ho o v\u00fdmere 25,62 ha a bolo zap\u00edsan\u00e9 medzi chr\u00e1nen\u00e9 oblasti v roku 1967. Chot\u00e1r m\u00e1 rozlohu 1571\u2026","rel":"","context":"Podobn\u00fd pr\u00edspevok","block_context":{"text":"Podobn\u00fd pr\u00edspevok","link":""},"img":{"alt_text":"horna micina logo erb","src":"https:\/\/i0.wp.com\/www.hornamicina.eu\/web\/wp-content\/uploads\/2017\/06\/cropped-logo-1.png?resize=350%2C200","width":350,"height":200},"classes":[]},{"id":4929,"url":"https:\/\/www.hornamicina.eu\/web\/zasady-hospodarenia-s-majetkom-obce-horna-micina\/","url_meta":{"origin":82,"position":2},"title":"Z\u00e1sady hospod\u00e1renia s majetkom Obce Horn\u00e1 Mi\u010din\u00e1","author":"admin","date":"25. septembra 2024","format":false,"excerpt":"Z\u00e1sady hospod\u00e1renia s majetkom Obce Horn\u00e1 Mi\u010din\u00e1 \u00a0 Obecn\u00e9 zastupite\u013estvo v\u00a0Hornej Mi\u010dinej na z\u00e1klade ustanovenia\u00a0\u00a7 11 ods. 4 p\u00edsm. a) z\u00e1kona \u010d. 369\/1990 Zb.\u00a0o obecnom zriaden\u00ed a\u00a0\u00a7 9 ods. 1 z\u00e1kona \u010d. 138\/1991 Zb.\u00a0o majetku obc\u00ed ur\u010duje tieto z\u00e1sady hospod\u00e1renia a nakladania s majetkom obce Horn\u00e1 Mi\u010din\u00e1 (v texte \u010falej\u2026","rel":"","context":"Podobn\u00fd pr\u00edspevok","block_context":{"text":"Podobn\u00fd pr\u00edspevok","link":""},"img":{"alt_text":"HornaMicinaLetecky","src":"https:\/\/i0.wp.com\/www.hornamicina.eu\/web\/wp-content\/uploads\/2017\/06\/4501.jpg?fit=1200%2C800&ssl=1&resize=350%2C200","width":350,"height":200,"srcset":"https:\/\/i0.wp.com\/www.hornamicina.eu\/web\/wp-content\/uploads\/2017\/06\/4501.jpg?fit=1200%2C800&ssl=1&resize=350%2C200 1x, https:\/\/i0.wp.com\/www.hornamicina.eu\/web\/wp-content\/uploads\/2017\/06\/4501.jpg?fit=1200%2C800&ssl=1&resize=525%2C300 1.5x, https:\/\/i0.wp.com\/www.hornamicina.eu\/web\/wp-content\/uploads\/2017\/06\/4501.jpg?fit=1200%2C800&ssl=1&resize=700%2C400 2x, https:\/\/i0.wp.com\/www.hornamicina.eu\/web\/wp-content\/uploads\/2017\/06\/4501.jpg?fit=1200%2C800&ssl=1&resize=1050%2C600 3x"},"classes":[]},{"id":497,"url":"https:\/\/www.hornamicina.eu\/web\/denne-centrum\/","url_meta":{"origin":82,"position":3},"title":"Denn\u00e9 centrum obce","author":"admin","date":"18. okt\u00f3bra 2017","format":false,"excerpt":"Denn\u00e9 centrum obce Horn\u00e1 Mi\u010din\u00e1 Horn\u00e1 Mi\u010din\u00e1 79, 97401 \u00a0Horn\u00e1 Mi\u010din\u00e1 \u00a0 Otv\u00e1racie hodinyPondelok14:00 \u2013 20:00Utorok14:00 \u2013 20:00Streda14:00 \u2013 20:00\u0160tvrtok14:00 \u2013 20:00Piatok14:00 \u2013 20:00 \u00a0\u00a0Pozn\u00e1mka: zmena programu vyhraden\u00e1!\u00a0\u00a0Ak nie je ur\u010den\u00e9 inak \u2013 podujatia sa za\u010d\u00ednaj\u00fa o 14. hodine!\u00a0\u00a0O jednotliv\u00fdch podujatiach sa v predstihu dozviete na osobitn\u00fdch pozv\u00e1nkach na obecn\u00fdch\u00a0tabuliach\u2026","rel":"","context":"Podobn\u00fd pr\u00edspevok","block_context":{"text":"Podobn\u00fd pr\u00edspevok","link":""},"img":{"alt_text":"Denne centrum","src":"https:\/\/i0.wp.com\/www.hornamicina.eu\/web\/wp-content\/uploads\/2017\/10\/dennecentrum-1024x768.jpg?resize=350%2C200&ssl=1","width":350,"height":200,"srcset":"https:\/\/i0.wp.com\/www.hornamicina.eu\/web\/wp-content\/uploads\/2017\/10\/dennecentrum-1024x768.jpg?resize=350%2C200&ssl=1 1x, https:\/\/i0.wp.com\/www.hornamicina.eu\/web\/wp-content\/uploads\/2017\/10\/dennecentrum-1024x768.jpg?resize=525%2C300&ssl=1 1.5x, https:\/\/i0.wp.com\/www.hornamicina.eu\/web\/wp-content\/uploads\/2017\/10\/dennecentrum-1024x768.jpg?resize=700%2C400&ssl=1 2x"},"classes":[]},{"id":5061,"url":"https:\/\/www.hornamicina.eu\/web\/cennik-sluzieb\/","url_meta":{"origin":82,"position":4},"title":"Cenn\u00edk slu\u017eieb","author":"admin","date":"15. janu\u00e1ra 2025","format":false,"excerpt":"Cenn\u00edk slu\u017eieb obce Horn\u00e1 Mi\u010din\u00e1 platn\u00fd od 1.janu\u00e1ra 2025 schv\u00e1len\u00fd obecn\u00fdm zastupite\u013estvom obce Horn\u00e1 Mi\u010din\u00e1 uznesen\u00edm \u010d.55\/2024 Kult\u00farna miestnos\u0165( s\u00e1la) bez kuchyne Kary, rodinn\u00e9 oslavy, posedenia, v\u00fdro\u010dia... do 4h 10,00 EUR\/hod Kary, rodinn\u00e9 oslavy, posedenia, v\u00fdro\u010dia... nad 4h 60,00 EUR\/hod Kult\u00farna miestnos\u0165 (s\u00e1la) s\u00a0poskytnut\u00edm kuchyne Na rozlo\u017eenie stravy + 40,00\u2026","rel":"","context":"Podobn\u00fd pr\u00edspevok","block_context":{"text":"Podobn\u00fd pr\u00edspevok","link":""},"img":{"alt_text":"","src":"","width":0,"height":0},"classes":[]},{"id":2596,"url":"https:\/\/www.hornamicina.eu\/web\/relacia-zvony-nad-krajinou\/","url_meta":{"origin":82,"position":5},"title":"Nahr\u00e1vanie rel\u00e1cie &#8222;Zvony nad krajinou&#8220;","author":"admin","date":"29. augusta 2021","format":false,"excerpt":"Nahr\u00e1vka rel\u00e1cie R\u00e1dia REGINA STRED Zvony nad krajinou Za\u010diatkom roka 2021 pri\u0161iel z R\u00e1dia Regina Stred n\u00e1vrh, aby sa o na\u0161ej obci Horn\u00e1 Mi\u010din\u00e1 nahrala cca hodinov\u00e1 rel\u00e1cia v rozhlasovom cykle Zvony nad krajinou. Tento projekt mapuje postupne obce na Slovensku a pod\u00e1va svedectvo o ich hist\u00f3rii, ale aj pr\u00edtomnosti.\u2026","rel":"","context":"Podobn\u00fd pr\u00edspevok","block_context":{"text":"Podobn\u00fd pr\u00edspevok","link":""},"img":{"alt_text":"","src":"","width":0,"height":0},"classes":[]}],"jetpack_likes_enabled":true,"_links":{"self":[{"href":"https:\/\/www.hornamicina.eu\/web\/wp-json\/wp\/v2\/pages\/82","targetHints":{"allow":["GET"]}}],"collection":[{"href":"https:\/\/www.hornamicina.eu\/web\/wp-json\/wp\/v2\/pages"}],"about":[{"href":"https:\/\/www.hornamicina.eu\/web\/wp-json\/wp\/v2\/types\/page"}],"author":[{"embeddable":true,"href":"https:\/\/www.hornamicina.eu\/web\/wp-json\/wp\/v2\/users\/1"}],"replies":[{"embeddable":true,"href":"https:\/\/www.hornamicina.eu\/web\/wp-json\/wp\/v2\/comments?post=82"}],"version-history":[{"count":0,"href":"https:\/\/www.hornamicina.eu\/web\/wp-json\/wp\/v2\/pages\/82\/revisions"}],"wp:attachment":[{"href":"https:\/\/www.hornamicina.eu\/web\/wp-json\/wp\/v2\/media?parent=82"}],"curies":[{"name":"wp","href":"https:\/\/api.w.org\/{rel}","templated":true}]}}