{"id":376,"date":"2017-07-04T15:48:09","date_gmt":"2017-07-04T13:48:09","guid":{"rendered":"http:\/\/www.hornamicina.eu\/web\/?page_id=376"},"modified":"2020-06-26T20:59:06","modified_gmt":"2020-06-26T18:59:06","slug":"bufet-pizzeria","status":"publish","type":"page","link":"https:\/\/www.hornamicina.eu\/web\/bufet-pizzeria\/","title":{"rendered":"Bufet a pizz\u00e9ria TJ"},"content":{"rendered":"<div class=\"mp-row-fluid motopress-row mpce-dsbl-margin-left mpce-dsbl-margin-right\">\n<div class=\"motopress-clmn mp-span12  mpce-dsbl-margin-left mpce-dsbl-margin-right\">\n<div class=\"mp-row-fluid motopress-row mpce-dsbl-margin-left mpce-dsbl-margin-right\">\n<div class=\"motopress-clmn mp-span6 mpce-dsbl-margin-left mpce-dsbl-margin-right\">\n<div class=\"motopress-text-obj\">\n<h2>Bufet a pizz\u00e9ria TJ<\/h2>\n<p>Bufet a pizz\u00e9ria sa nach\u00e1dza na futbalovom ihrisku.<\/p>\n<\/div>\n<\/div>\n<div class=\"motopress-clmn mp-span6 mpce-dsbl-margin-left mpce-dsbl-margin-right\">\n<div class=\"motopress-image-obj motopress-text-align-left\"><img decoding=\"async\" src=\"https:\/\/i0.wp.com\/www.hornamicina.eu\/web\/wp-content\/uploads\/2017\/07\/bufetpizz.jpg?fit=530%2C530&ssl=1\" title=\"Bufet a pizzeria TJ\" alt=\"Bufet a pizzeria TJ\" class=\"motopress-image-obj-basic mpce-dsbl-margin-left mpce-dsbl-margin-right mpce-dsbl-margin-top mpce-dsbl-margin-bottom\" \/><\/div>\n<\/div>\n<\/div>\n<\/div>\n<\/div>\n<div class=\"mp-row-fluid motopress-row mpce-dsbl-margin-left mpce-dsbl-margin-right\">\n<div class=\"motopress-clmn mp-span12  mpce-dsbl-margin-left mpce-dsbl-margin-right\">\n<div class=\"motopress-table-obj\"><table class=\"motopress-table mp-theme-table-brand motopress-table-first-col-left mpce-dsbl-padding-left mpce-dsbl-padding-right mpce-dsbl-margin-top mpce-dsbl-margin-bottom\"><thead><tr><th>Otv\u00e1racie hodiny<\/th><th>Bufet TJ<\/th><\/tr><\/thead><tbody><tr><td>Pondelok<\/td><td>15:00 &#8211; 21:00<\/td><\/tr><tr class=\"odd-row\"><td>Utorok<\/td><td>15:00 &#8211; 21:00<\/td><\/tr><tr><td>Streda<\/td><td>15:00 &#8211; 21:00<\/td><\/tr><tr class=\"odd-row\"><td>\u0160tvrtok<\/td><td>15:00 &#8211; 21:00<\/td><\/tr><tr><td>Piatok<\/td><td>15:00 &#8211; 22:00<\/td><\/tr><tr class=\"odd-row\"><td>Sobota<\/td><td>15:00 &#8211; 22:00<\/td><\/tr><tr><td>Nede\u013ea<\/td><td>15:00 &#8211; 22:00<\/td><\/tr><\/tbody><\/table><\/div>\n<\/div>\n<\/div>\n<div class=\"mp-row-fluid motopress-row mpce-dsbl-margin-left mpce-dsbl-margin-right\">\n<div class=\"motopress-clmn mp-span12  mpce-dsbl-margin-left mpce-dsbl-margin-right\">\n<div class=\"motopress-table-obj\"><table class=\"motopress-table mp-theme-table-brand motopress-table-first-col-left mpce-dsbl-padding-left mpce-dsbl-padding-right mpce-dsbl-margin-top mpce-dsbl-margin-bottom\"><thead><tr><th>Otv\u00e1racie hodiny<\/th><th>Pizz\u00e9ria<\/th><\/tr><\/thead><tbody><tr><td>Piatok<\/td><td>16:00 &#8211; 22:00<\/td><\/tr><tr class=\"odd-row\"><td>Sobota<\/td><td>16:00 &#8211; 22:00<\/td><\/tr><tr><td>Nede\u013ea<\/td><td>16:00 &#8211; 22:00<\/td><\/tr><\/tbody><\/table><\/div>\n<\/div>\n<\/div>\n","protected":false},"excerpt":{"rendered":"Bufet a pizz\u00e9ria TJ Bufet a pizz\u00e9ria sa nach\u00e1dza na futbalovom ihrisku. Otv\u00e1racie [&hellip;]","protected":false},"author":1,"featured_media":0,"parent":0,"menu_order":0,"comment_status":"closed","ping_status":"closed","template":"","meta":{"advanced_seo_description":"","jetpack_seo_html_title":"","jetpack_seo_noindex":false,"footnotes":""},"class_list":["post-376","page","type-page","status-publish","hentry"],"jetpack_sharing_enabled":true,"jetpack_shortlink":"https:\/\/wp.me\/P8RsFw-64","jetpack-related-posts":[{"id":371,"url":"https:\/\/www.hornamicina.eu\/web\/zmrzlina\/","url_meta":{"origin":376,"position":0},"title":"Zmrzlina","author":"admin","date":"4. j\u00fala 2017","format":false,"excerpt":"Zmrzlina Otvoren\u00e1 v letn\u00fdch mesiacoch Otv\u00e1racie hodinyPondelok9:00 - 20:00Utorok9:00 - 20:00Streda9:00 - 20:00\u0160tvrtok9:00 - 20:00Piatok9:00 - 20:00Sobota9:00 - 21:00Nede\u013ea9:00 - 21:00","rel":"","context":"Podobn\u00fd pr\u00edspevok","block_context":{"text":"Podobn\u00fd pr\u00edspevok","link":""},"img":{"alt_text":"zmrzlina","src":"https:\/\/i0.wp.com\/www.hornamicina.eu\/web\/wp-content\/uploads\/2017\/07\/zmrzlina.jpg?resize=350%2C200","width":350,"height":200,"srcset":"https:\/\/i0.wp.com\/www.hornamicina.eu\/web\/wp-content\/uploads\/2017\/07\/zmrzlina.jpg?resize=350%2C200 1x, https:\/\/i0.wp.com\/www.hornamicina.eu\/web\/wp-content\/uploads\/2017\/07\/zmrzlina.jpg?resize=525%2C300 1.5x"},"classes":[]},{"id":303,"url":"https:\/\/www.hornamicina.eu\/web\/obchod\/","url_meta":{"origin":376,"position":1},"title":"Potraviny LS &#8211; M\u00f4j obchod","author":"admin","date":"28. j\u00fana 2017","format":false,"excerpt":"Predaj alkoholuPredaj \u00faden\u00ednMo\u017enos\u0165 platby kartouSamoobsluha Potraviny LS Horn\u00e1 Mi\u010din\u00e1 156 97401 \u00a0Horn\u00e1 Mi\u010din\u00e1 \u00a0 Po\u010das \u0161t\u00e1tnych sviatkov zatvoren\u00e9. Otv\u00e1racie hodinyPondelok7:00 \u2013 13:0013:30 \u2013 17:00Utorok7:00 \u2013 13:0013:30 \u2013 17:00Streda7:00 \u2013 13:0013:30 \u2013 17:00\u0160tvrtok7:00 \u2013 13:0013:30 \u2013 17:00Piatok7:00 \u2013 13:0013:30 \u2013 17:00Sobota7:00 \u2013 11:00Nede\u013ea8:00 \u2013 11:00","rel":"","context":"Podobn\u00fd pr\u00edspevok","block_context":{"text":"Podobn\u00fd pr\u00edspevok","link":""},"img":{"alt_text":"logo Moj Obchod","src":"https:\/\/i0.wp.com\/www.hornamicina.eu\/web\/wp-content\/uploads\/2017\/06\/logo.png?resize=350%2C200&ssl=1","width":350,"height":200},"classes":[]},{"id":497,"url":"https:\/\/www.hornamicina.eu\/web\/denne-centrum\/","url_meta":{"origin":376,"position":2},"title":"Denn\u00e9 centrum obce","author":"admin","date":"18. okt\u00f3bra 2017","format":false,"excerpt":"Denn\u00e9 centrum obce Horn\u00e1 Mi\u010din\u00e1 Horn\u00e1 Mi\u010din\u00e1 79, 97401 \u00a0Horn\u00e1 Mi\u010din\u00e1 \u00a0 Otv\u00e1racie hodinyPondelok14:00 \u2013 20:00Utorok14:00 \u2013 20:00Streda14:00 \u2013 20:00\u0160tvrtok14:00 \u2013 20:00Piatok14:00 \u2013 20:00 \u00a0\u00a0Pozn\u00e1mka: zmena programu vyhraden\u00e1!\u00a0\u00a0Ak nie je ur\u010den\u00e9 inak \u2013 podujatia sa za\u010d\u00ednaj\u00fa o 14. hodine!\u00a0\u00a0O jednotliv\u00fdch podujatiach sa v predstihu dozviete na osobitn\u00fdch pozv\u00e1nkach na obecn\u00fdch\u00a0tabuliach\u2026","rel":"","context":"Podobn\u00fd pr\u00edspevok","block_context":{"text":"Podobn\u00fd pr\u00edspevok","link":""},"img":{"alt_text":"Denne centrum","src":"https:\/\/i0.wp.com\/www.hornamicina.eu\/web\/wp-content\/uploads\/2017\/10\/dennecentrum-1024x768.jpg?resize=350%2C200&ssl=1","width":350,"height":200,"srcset":"https:\/\/i0.wp.com\/www.hornamicina.eu\/web\/wp-content\/uploads\/2017\/10\/dennecentrum-1024x768.jpg?resize=350%2C200&ssl=1 1x, https:\/\/i0.wp.com\/www.hornamicina.eu\/web\/wp-content\/uploads\/2017\/10\/dennecentrum-1024x768.jpg?resize=525%2C300&ssl=1 1.5x, https:\/\/i0.wp.com\/www.hornamicina.eu\/web\/wp-content\/uploads\/2017\/10\/dennecentrum-1024x768.jpg?resize=700%2C400&ssl=1 2x"},"classes":[]},{"id":135,"url":"https:\/\/www.hornamicina.eu\/web\/kontakt\/","url_meta":{"origin":376,"position":3},"title":"Kontakt","author":"admin","date":"21. j\u00fana 2017","format":false,"excerpt":"Obecn\u00fd \u00farad Horn\u00e1 Mi\u010din\u00e1 \u00a0 Adresa: Horn\u00e1 Mi\u010din\u00e1 79, 974 01 \u00a0Bansk\u00e1 BystricaTel.:\u00a0+421 48 418 09 23, e-mail: hornamicina@gmail.comStarosta obce: Ivan Len\u00e1r, tel.:\u00a0+421 907 087 151Referent: Alena Belajov\u00e1, tel.:\u00a0+421 907 087 152 I\u010cO: 00313459 DI\u010c: 2021115833 Banka: Prima Banka, a.s. Bankov\u00e9 spojenie:\u00a098 5600 0000 0012 5532 1011 Str\u00e1nkov\u00e9 hodiny \u00faradu\u2026","rel":"","context":"Podobn\u00fd pr\u00edspevok","block_context":{"text":"Podobn\u00fd pr\u00edspevok","link":""},"img":{"alt_text":"horna micina logo erb","src":"https:\/\/i0.wp.com\/www.hornamicina.eu\/web\/wp-content\/uploads\/2017\/06\/cropped-logo-1-150x150.png?resize=350%2C200&ssl=1","width":350,"height":200},"classes":[]},{"id":295,"url":"https:\/\/www.hornamicina.eu\/web\/posta\/","url_meta":{"origin":376,"position":4},"title":"Po\u0161ta","author":"admin","date":"28. j\u00fana 2017","format":false,"excerpt":"Pojazdn\u00e1 po\u0161ta V obci prev\u00e1dzkuje pojazdn\u00fa po\u0161tu Slovensk\u00e1 po\u0161ta, a.s. Slu\u017eby poskytovan\u00e9 pr\u00edle\u017eitostnou po\u0161tou je mo\u017en\u00e9 uhradi\u0165 v hotovosti alebo po\u0161tov\u00fdmi zn\u00e1mkami. Poskytuje najm\u00e4 vybranie po\u0161tov\u00fdch z\u00e1sielok, predaj cen\u00edn, predaj kore\u0161ponden\u010dn\u00fdch l\u00edstkov, predaj filatelistick\u00fdch produktov, pou\u017e\u00edvanie pr\u00edle\u017eitostnej po\u0161tovej pe\u010diatky, predaj \u017erebov, poh\u013eadn\u00edc, nov\u00edn a \u010dasopisov a poskytovanie \u010fal\u0161\u00edch dohodnut\u00fdch slu\u017eieb.\u2026","rel":"","context":"Podobn\u00fd pr\u00edspevok","block_context":{"text":"Podobn\u00fd pr\u00edspevok","link":""},"img":{"alt_text":"Po\u0161ta logo","src":"https:\/\/i0.wp.com\/www.hornamicina.eu\/web\/wp-content\/uploads\/2017\/06\/postalogo.png?resize=350%2C200&ssl=1","width":350,"height":200},"classes":[]},{"id":3847,"url":"https:\/\/www.hornamicina.eu\/web\/730-vyrocie-obce-horna-micina\/","url_meta":{"origin":376,"position":5},"title":"730. v\u00fdro\u010die obce Horn\u00e1 Mi\u010din\u00e1","author":"admin","date":"18. augusta 2023","format":false,"excerpt":"Horn\u00e1 Mi\u010din\u00e1 v minulosti a s\u00fa\u010dasnosti k 730. v\u00fdro\u010diu prvej p\u00edsomnej zmienky N\u00e1zvy:\u00a0Terra Mike, Terra comitis Mike, Lehatha, Mikelyhota, Mikefalva, Micafalw, Miczinaves, Mitchina. \u00a0 Pr\u00edrodn\u00e9 pomery Obec Horn\u00e1 Mi\u010din\u00e1 je situovan\u00e1 6 km na juh od okresn\u00e9ho mesta Bansk\u00e1 Bystrica. Nach\u00e1dza sa v\u00a0z\u00e1padnej \u010dasti Slovensk\u00e9ho Rudohoria vo Zvolenskej kotline, v\u00a0doline\u2026","rel":"","context":"Podobn\u00fd pr\u00edspevok","block_context":{"text":"Podobn\u00fd pr\u00edspevok","link":""},"img":{"alt_text":"","src":"https:\/\/i0.wp.com\/www.hornamicina.eu\/web\/wp-content\/uploads\/2023\/08\/Horna-Micina-pred-sto-rokmi-min-e1692372759477.jpg?fit=791%2C412&ssl=1&resize=350%2C200","width":350,"height":200,"srcset":"https:\/\/i0.wp.com\/www.hornamicina.eu\/web\/wp-content\/uploads\/2023\/08\/Horna-Micina-pred-sto-rokmi-min-e1692372759477.jpg?fit=791%2C412&ssl=1&resize=350%2C200 1x, https:\/\/i0.wp.com\/www.hornamicina.eu\/web\/wp-content\/uploads\/2023\/08\/Horna-Micina-pred-sto-rokmi-min-e1692372759477.jpg?fit=791%2C412&ssl=1&resize=525%2C300 1.5x, https:\/\/i0.wp.com\/www.hornamicina.eu\/web\/wp-content\/uploads\/2023\/08\/Horna-Micina-pred-sto-rokmi-min-e1692372759477.jpg?fit=791%2C412&ssl=1&resize=700%2C400 2x"},"classes":[]}],"jetpack_likes_enabled":true,"_links":{"self":[{"href":"https:\/\/www.hornamicina.eu\/web\/wp-json\/wp\/v2\/pages\/376","targetHints":{"allow":["GET"]}}],"collection":[{"href":"https:\/\/www.hornamicina.eu\/web\/wp-json\/wp\/v2\/pages"}],"about":[{"href":"https:\/\/www.hornamicina.eu\/web\/wp-json\/wp\/v2\/types\/page"}],"author":[{"embeddable":true,"href":"https:\/\/www.hornamicina.eu\/web\/wp-json\/wp\/v2\/users\/1"}],"replies":[{"embeddable":true,"href":"https:\/\/www.hornamicina.eu\/web\/wp-json\/wp\/v2\/comments?post=376"}],"version-history":[{"count":0,"href":"https:\/\/www.hornamicina.eu\/web\/wp-json\/wp\/v2\/pages\/376\/revisions"}],"wp:attachment":[{"href":"https:\/\/www.hornamicina.eu\/web\/wp-json\/wp\/v2\/media?parent=376"}],"curies":[{"name":"wp","href":"https:\/\/api.w.org\/{rel}","templated":true}]}}